046 is divided by 85.
81
Calculate the remainder when 6364546 is divided by 3389.
4
What is the remainder when 17237 is divided by 2335?
892
Calculate the remainder when 389917 is divided by 193105.
3707
Calculate the remainder when 7287335 is divided by 648.
575
What is the remainder when 728474 is divided by 849?
32
What is the remainder when 28045232 is divided by 14?
12
What is the remainder when 79099944 is divided by 65?
14
Calculate the remainder when 383285697 is divided by 2199.
2196
What is the remainder when 21391 is divided by 19259?
2132
What is the remainder when 27736738 is divided by 3455?
3453
Calculate the remainder when 243012 is divided by 242549.
463
Calculate the remainder when 350987 is divided by 66.
65
Calculate the remainder when 27026717 is divided by 560.
557
What is the remainder when 2715 is divided by 800?
315
Calculate the remainder when 392167 is divided by 1497.
1450
Calculate the remainder when 1509235 is divided by 1161.
1096
Calculate the remainder when 703460 is divided by 8538.
3344
What is the remainder when 4589515 is divided by 1185?
10
What is the remainder when 42124610 is divided by 147?
143
What is the remainder when 9338 is divided by 4574?
190
What is the remainder when 8905 is divided by 7805?
1100
What is the remainder when 135711 is divided by 10429?
134
What is the remainder when 546419 is divided by 70?
69
Calculate the remainder when 669933 is divided by 1264.
13
Calculate the remainder when 87958 is divided by 1302.
724
What is the remainder when 20017562 is divided by 20017539?
23
Calculate the remainder when 23493146 is divided by 25.
21
Calculate the remainder when 41081 is divided by 473.
403
What is the remainder when 1165859 is divided by 1284?
1271
What is the remainder when 683880 is divided by 683847?
33
What is the remainder when 7082087 is divided by 3972?
11
What is the remainder when 73446 is divided by 24395?
261
What is the remainder when 383087 is divided by 506?
45
What is the remainder when 2694909 is divided by 1347375?
159
Calculate the remainder when 5929448 is divided by 707.
546
Calculate the remainder when 217488598 is divided by 27.
7
Calculate the remainder when 24050047 is divided by 2186364.
43
Calculate the remainder when 382277 is divided by 95490.
317
What is the remainder when 1739426 is divided by 1386?
1382
Calculate the remainder when 1705578 is divided by 284263.
0
Calculate the remainder when 317025 is divided by 11307.
429
What is the remainder when 12091 is divided by 29?
27
What is the remainder when 123933185 is divided by 234?
233
Calculate the remainder when 200485 is divided by 200424.
61
What is the remainder when 1394618 is divided by 10253?
210
Calculate the remainder when 83762 is divided by 41437.
888
What is the remainder when 895198 is divided by 59?
50
Calculate the remainder when 196021616 is divided by 2859.
2858
What is the remainder when 12002040 is divided by 190508?
36
Calculate the remainder when 77665903 is divided by 24508.
51
What is the remainder when 1081336 is divided by 1101?
154
Calculate the remainder when 99451 is divided by 7643.
92
Calculate the remainder when 131262 is divided by 65537.
188
What is the remainder when 111065 is divided by 12223?
1058
Calculate the remainder when 209303 is divided by 951.
83
What is the remainder when 472410 is divided by 857?
203
What is the remainder when 32504620 is divided by 165?
115
Calculate the remainder when 14062714 is divided by 124.
122
Calculate the remainder when 539310 is divided by 179758.
36
Calculate the remainder when 33846206 is divided by 36.
14
What is the remainder when 303314808 is divided by 811?
808
Calculate the remainder when 2154253 is divided by 1312.
1261
What is the remainder when 747893 is divided by 971?
223
Calculate the remainder when 24327 is divided by 7227.
2646
Calculate the remainder when 6374277 is divided by 40.
37
Calculate the remainder when 13679613 is divided by 3.
0
Calculate the remainder when 49401405 is divided by 198.
9
Calculate the remainder when 714516 is divided by 39.
36
Calculate the remainder when 1319624 is divided by 329860.
184
What is the remainder when 491178 is divided by 40930?
18
Calculate the remainder when 729692 is divided by 91211.
4
Calculate the remainder when 1111453033 is divided by 2695.
2693
Calculate the remainder when 16176738 is divided by 22.
6
Calculate the remainder when 66835 is divided by 5109.
418
What is the remainder when 300822 is divided by 75202?
14
What is the remainder when 367807 is divided by 1927?
1677
What is the remainder when 92758 is divided by 5768?
470
Calculate the remainder when 9260125 is divided by 2627.
2577
Calculate the remainder when 1372659 is divided by 85791.
3
What is the remainder when 80424 is divided by 11429?
421
What is the remainder when 100740673 is divided by 3085?
3083
Calculate the remainder when 662262 is divided by 110375.
12
What is the remainder when 33431474 is divided by 62256?
2
Calculate the remainder when 24333 is divided by 1121.
792
What is the remainder when 373446 is divided by 457?
77
Calculate the remainder when 4263 is divided by 887.
715
What is the remainder when 1946413 is divided by 194612?
293
What is the remainder when 210530 is divided by 506?
34
What is the remainder when 52047912 is divided by 10409580?
12
What is the remainder when 2470808 is divided by 823575?
83
Calculate the remainder when 344049 is divided by 8601.
9
What is the remainder when 458826 is divided by 65539?
53
Calculate the remainder when 3822287 is divided by 607.
8
What is the remainder when 409285 is divided by 409244?
41
What is the remainder when 6274616 is divided by 5313?
5276
Calculate the remainder when 598647 is divided by 614.
611
Calculate the remainder when 15517 is divided by 122.
23
What is the remainder when 27608287 is divided by 423?
346
What is the remainder when 9664036 is divided by 878541?
85
Calculate the remainder when 4000947 is divided by 1333642.
21
What is the remainder when 145016 is divided by 720?
296
What is the remainder when 421837 is divided by 84217?
752
Calculate the remainder when 748862 is divided by 374335.
192
Calculate the remainder when 507090 is divided by 11518.
298
Calculate the remainder when 602985 is divided by 100458.
237
Calculate the remainder when 3018153 is divided by 34297.
17
What is the remainder when 1357996 is divided by 1465?
1406
Calculate the remainder when 4392334 is divided by 185.
64
What is the remainder when 1365364 is divided by 35009?
13
What is the remainder when 637704 is divided by 75?
54
Calculate the remainder when 96389 is divided by 6477.
5711
Calculate the remainder when 26063 is divided by 8549.
416
What is the remainder when 9991842 is divided by 31520?
2
Calculate the remainder when 13504116 is divided by 41.
28
Calculate the remainder when 442759 is divided by 442340.
419
Calculate the remainder when 242402 is divided by 627.
380
What is the remainder when 11555443 is divided by 1925905?
13
What is the remainder when 49380 is divided by 9536?
1700
Calculate the remainder when 3537722 is divided by 1768829.
64
What is the remainder when 797029 is divided by 26?
25
Calculate the remainder when 102234 is divided by 31345.
8199
Calculate the remainder when 26548 is divided by 5290.
98
What is the remainder when 52963 is divided by 52181?
782
What is the remainder when 96132 is divided by 15857?
990
What is the remainder when 13697626 is divided by 1369762?
6
What is the remainder when 158146 is divided by 39531?
22
Calculate the remainder when 970904 is divided by 485439.
26
Calculate the remainder when 236820 is divided by 2267.
1052
Calculate the remainder when 3488783 is divided by 63432.
23
Calculate the remainder when 346671809 is divided by 3690.
3689
What is the remainder when 1828097 is divided by 79480?
57
Calculate the remainder when 55802723 is divided by 131.
129
Calculate the remainder when 458605 is divided by 32757.
7
Calculate the remainder when 641706 is divided by 83.
33
Calculate the remainder when 2955377 is divided by 369420.
17
Calculate the remainder when 94770904 is divided by 6005.
5999
Calculate the remainder when 640472 is divided by 53308.
776
What is the remainder